{"id":383,"date":"2024-12-03T19:16:35","date_gmt":"2024-12-03T18:16:35","guid":{"rendered":"https:\/\/sopranomarketing.pl\/sklep\/?post_type=product&#038;p=383"},"modified":"2024-12-03T20:45:45","modified_gmt":"2024-12-03T19:45:45","slug":"konsultacja-social-media-1-5-godziny","status":"publish","type":"product","link":"https:\/\/sopranomarketing.pl\/sklep\/product\/konsultacja-social-media-1-5-godziny\/","title":{"rendered":"Konsultacja &#8211; Social media 1.5 godziny"},"content":{"rendered":"<p><strong>Szukasz wsparcia w rozwoju swojego profilu w mediach spo\u0142eczno\u015bciowych? Ta konsultacja jest idealna dla os\u00f3b, kt\u00f3re maj\u0105 konkretne pytania lub napotka\u0142y problemy z prowadzeniem swoich profili.<\/strong><\/p>\n<p><strong>Podczas 1,5-godzinnego spotkania:<\/strong><\/p>\n<ul>\n<li>Dok\u0142adnie przeanalizuj\u0119 Tw\u00f3j profil i wska\u017c\u0119, co wymaga poprawy.<\/li>\n<li>Doradz\u0119, jak unika\u0107 najcz\u0119stszych b\u0142\u0119d\u00f3w, kt\u00f3re mog\u0105 hamowa\u0107 Tw\u00f3j rozw\u00f3j.<\/li>\n<li>Podpowiem, jak lepiej tworzy\u0107 tre\u015bci, w tym TikToki i inne formaty w social mediach.<\/li>\n<li>Przedstawi\u0119 mo\u017cliwo\u015bci, jakie Twoja marka mo\u017ce wykorzysta\u0107, aby zaistnie\u0107 w sieci.<\/li>\n<li>Pomog\u0119 rozwi\u0105za\u0107 bie\u017c\u0105ce problemy.<\/li>\n<\/ul>\n<p>To praktyczna konsultacja, podczas kt\u00f3rej otrzymasz wskaz\u00f3wki dostosowane do Twojej marki i cel\u00f3w. Wsp\u00f3lnie znajdziemy spos\u00f3b na rozw\u00f3j Twojego profilu i skuteczne budowanie zaanga\u017cowania.<\/p>\n","protected":false},"excerpt":{"rendered":"<p><strong>Szukasz wsparcia w rozwoju swojego profilu w mediach spo\u0142eczno\u015bciowych? Ta konsultacja jest idealna dla os\u00f3b, kt\u00f3re maj\u0105 konkretne pytania lub napotka\u0142y problemy z prowadzeniem swoich profili.<\/strong><\/p>\n","protected":false},"featured_media":391,"template":"","meta":{"pmpro_default_level":""},"product_cat":[45],"product_tag":[49],"class_list":{"0":"post-383","1":"product","2":"type-product","3":"status-publish","4":"has-post-thumbnail","6":"product_cat-praca-z-klientem","7":"product_tag-konsultacja","8":"pmpro-has-access","10":"first","11":"instock","12":"purchasable","13":"product-type-simple"},"jetpack_sharing_enabled":true,"_links":{"self":[{"href":"https:\/\/sopranomarketing.pl\/sklep\/wp-json\/wp\/v2\/product\/383","targetHints":{"allow":["GET"]}}],"collection":[{"href":"https:\/\/sopranomarketing.pl\/sklep\/wp-json\/wp\/v2\/product"}],"about":[{"href":"https:\/\/sopranomarketing.pl\/sklep\/wp-json\/wp\/v2\/types\/product"}],"wp:featuredmedia":[{"embeddable":true,"href":"https:\/\/sopranomarketing.pl\/sklep\/wp-json\/wp\/v2\/media\/391"}],"wp:attachment":[{"href":"https:\/\/sopranomarketing.pl\/sklep\/wp-json\/wp\/v2\/media?parent=383"}],"wp:term":[{"taxonomy":"product_cat","embeddable":true,"href":"https:\/\/sopranomarketing.pl\/sklep\/wp-json\/wp\/v2\/product_cat?post=383"},{"taxonomy":"product_tag","embeddable":true,"href":"https:\/\/sopranomarketing.pl\/sklep\/wp-json\/wp\/v2\/product_tag?post=383"}],"curies":[{"name":"wp","href":"https:\/\/api.w.org\/{rel}","templated":true}]}}