{"id":32,"date":"2023-04-01T17:17:25","date_gmt":"2023-04-01T15:17:25","guid":{"rendered":"https:\/\/sopranomarketing.pl\/sklep\/?page_id=32"},"modified":"2023-04-01T19:11:21","modified_gmt":"2023-04-01T17:11:21","slug":"regulamin","status":"publish","type":"page","link":"https:\/\/sopranomarketing.pl\/sklep\/regulamin\/","title":{"rendered":"Regulamin"},"content":{"rendered":"<p><strong>Regulamin Sklepu Internetowego<\/strong><\/p><p class=\"has-medium-font-size\">I. Postanowienia Og\u00f3lne<\/p><ol class=\"wp-block-list\"><li>Niniejszy regulamin okre\u015bla zasady korzystania ze sklepu internetowego Soprano Marketing (zwane dalej &#8222;Sklepem&#8221;) dost\u0119pnego pod adresem <a href=\"https:\/\/sopranomarketing.pl\/sklep\/\" target=\"_blank\" rel=\"noreferrer noopener\">https:\/\/sopranomarketing.pl\/sklep\/<\/a>, kt\u00f3ry prowadzi sprzeda\u017c produkt\u00f3w cyfrowych, takich jak e-booki oraz webinary (zwane dalej &#8222;Produktami Cyfrowymi&#8221;).<\/li>\n\n<li>W\u0142a\u015bcicielem Sklepu jest Firma z Pawe\u0142 Dubiel siedzib\u0105 przy ul. Pastelowa 13, 00-509 J\u00f3zefos\u0142aw, NIP: 675-127-3569.<\/li>\n\n<li>U\u017cytkownikiem Sklepu (zwany dalej &#8222;Klientem&#8221;) mo\u017ce by\u0107 osoba fizyczna, prawna lub jednostka organizacyjna bez osobowo\u015bci prawnej, kt\u00f3ra posiada pe\u0142n\u0105 zdolno\u015b\u0107 do czynno\u015bci prawnych.<\/li>\n\n<li>Sklep prowadzi sprzeda\u017c na terytorium Rzeczypospolitej Polskiej oraz za granic\u0105.<\/li>\n\n<li>Aby korzysta\u0107 ze Sklepu, Klient powinien zaakceptowa\u0107 niniejszy regulamin.<\/li><\/ol><p class=\"has-medium-font-size\">II. Rejestracja i Logowanie<\/p><ol class=\"wp-block-list\"><li>Zakup Produkt\u00f3w Cyfrowych w Sklepie mo\u017cliwy jest zar\u00f3wno dla Klient\u00f3w zarejestrowanych, jak i niezarejestrowanych.<\/li>\n\n<li>Rejestracja w Sklepie jest dobrowolna i bezp\u0142atna.<\/li>\n\n<li>W celu rejestracji, Klient powinien wype\u0142ni\u0107 formularz rejestracyjny, podaj\u0105c prawdziwe i aktualne dane.<\/li>\n\n<li>Po rejestracji, Klient otrzymuje indywidualne konto, do kt\u00f3rego loguje si\u0119 za pomoc\u0105 adresu e-mail oraz has\u0142a.<\/li>\n\n<li>Klient zobowi\u0105zany jest do bie\u017c\u0105cego aktualizowania danych w swoim koncie.<\/li><\/ol><p class=\"has-medium-font-size\">III. Zam\u00f3wienia i Realizacja<\/p><ol class=\"wp-block-list\"><li>Klient mo\u017ce sk\u0142ada\u0107 zam\u00f3wienia na Produkty Cyfrowe poprzez dodanie ich do koszyka, a nast\u0119pnie potwierdzenie zam\u00f3wienia.<\/li>\n\n<li>Po z\u0142o\u017ceniu zam\u00f3wienia, Klient otrzyma wiadomo\u015b\u0107 e-mail z potwierdzeniem przyj\u0119cia zam\u00f3wienia oraz informacj\u0105 o mo\u017cliwych formach p\u0142atno\u015bci.<\/li>\n\n<li>P\u0142atno\u015b\u0107 za zam\u00f3wione Produkty Cyfrowe powinna nast\u0105pi\u0107 przed ich udost\u0119pnieniem.<\/li>\n\n<li>Produkty Cyfrowe zostan\u0105 udost\u0119pnione Klientowi po zaksi\u0119gowaniu wp\u0142aty.<\/li>\n\n<li>Udost\u0119pnienie Produkt\u00f3w Cyfrowych nast\u0105pi poprzez przes\u0142anie linku do pobrania na adres e-mail Klienta lub poprzez udost\u0119pnienie linku do pobrania w panelu Klienta.<\/li>\n\n<li>Klient zobowi\u0105zany jest do korzystania z Produkt\u00f3w Cyfrowych wy\u0142\u0105cznie w celach osobistych i nie mo\u017ce ich udost\u0119pnia\u0107 innym osobom, ani wykorzystywa\u0107 do cel\u00f3w komercyjnych.<\/li><\/ol><p class=\"has-medium-font-size\">IV. Odst\u0105pienie od Umowy i Reklamacje<\/p><ol class=\"wp-block-list\"><li>Klient, b\u0119d\u0105cy konsumentem w rozumieniu art. 22[1] Kodeksu Cywilnego, ma prawo odst\u0105pi\u0107 od umowy zawartej ze Sklepem w terminie 14 dni od dnia udost\u0119pnienia Produktu Cyfrowego, bez podawania przyczyny.<\/li>\n\n<li>Prawo odst\u0105pienia od umowy nie przys\u0142uguje Klientowi w przypadku: a) \u015bwiadczenia us\u0142ug, je\u017celi Sklep wykona\u0142 pe\u0142ne \u015bwiadczenie za wyra\u017an\u0105 zgod\u0105 Klienta, kt\u00f3ry zosta\u0142 poinformowany przed rozpocz\u0119ciem \u015bwiadczenia, \u017ce po spe\u0142nieniu \u015bwiadczenia przez Sklep utraci prawo odst\u0105pienia od umowy; b) dostarczania tre\u015bci cyfrowych, kt\u00f3re nie s\u0105 zapisane na no\u015bniku materialnym, je\u017celi spe\u0142nianie \u015bwiadczenia rozpocz\u0119\u0142o si\u0119 za wyra\u017an\u0105 zgod\u0105 Klienta przed up\u0142ywem terminu do odst\u0105pienia od umowy oraz po potwierdzeniu utraty prawa odst\u0105pienia.<\/li>\n\n<li>Aby skorzysta\u0107 z prawa do odst\u0105pienia od umowy, Klient powinien poinformowa\u0107 Sklep o swojej decyzji poprzez jednoznaczne o\u015bwiadczenie (np. pisemnie, za pomoc\u0105 poczty e-mail).<\/li>\n\n<li>W przypadku odst\u0105pienia od umowy, Sklep zwr\u00f3ci Klientowi wszystkie otrzymane od niego p\u0142atno\u015bci, niezw\u0142ocznie, nie p\u00f3\u017aniej ni\u017c 14 dni od dnia otrzymania o\u015bwiadczenia o odst\u0105pieniu od umowy.<\/li>\n\n<li>Je\u015bli Klient zg\u0142asza reklamacj\u0119 dotycz\u0105c\u0105 Produktu Cyfrowego, powinien zg\u0142osi\u0107 j\u0105 pisemnie na adres e-mail Sklepu, opisuj\u0105c przyczyn\u0119 reklamacji oraz oczekiwane rozwi\u0105zanie.<\/li>\n\n<li>Sklep rozpatrzy reklamacj\u0119 w ci\u0105gu 14 dni od daty jej otrzymania i poinformuje Klienta o swojej decyzji.<\/li><\/ol><p class=\"has-medium-font-size\">V. Ochrona Prywatno\u015bci<\/p><ol class=\"wp-block-list\"><li>Sklep przetwarza dane osobowe Klient\u00f3w w celu realizacji zam\u00f3wie\u0144, obs\u0142ugi konta Klienta oraz w celach marketingowych, je\u017celi Klient wyrazi na to zgod\u0119.<\/li>\n\n<li>Podanie danych osobowych przez Klienta jest dobrowolne, jednak niezb\u0119dne do realizacji zam\u00f3wie\u0144 i korzystania z niekt\u00f3rych funkcji Sklepu.<\/li>\n\n<li>Klient ma prawo do wgl\u0105du, poprawienia, aktualizacji, ograniczenia przetwarzania, przenoszenia oraz \u017c\u0105dania usuni\u0119cia swoich danych osobowych.<\/li>\n\n<li>Sklep zobowi\u0105zuje si\u0119 do ochrony danych osobowych zgodnie z obowi\u0105zuj\u0105cymi przepisami, w szczeg\u00f3lno\u015bci z Rozporz\u0105dzeniem Parlamentu Europejskiego i Rady (UE) 2016\/679 z dnia 27 kwietnia 2016 r. w sprawie ochrony os\u00f3b fizycznych w zwi\u0105zku z przetwarzaniem danych osobowych i w sprawie swobodnego przep\u0142ywu takich danych oraz uchylenia dyrektywy 95\/46\/WE (og\u00f3lne rozporz\u0105dzenie o ochronie danych) (&#8222;RODO&#8221;). 5. Szczeg\u00f3\u0142owe zasady przetwarzania danych osobowych Klient\u00f3w zawarte s\u0105 w Polityce Prywatno\u015bci Sklepu, dost\u0119pnej na stronie internetowej Sklepu.<br><\/li><\/ol><p class=\"has-medium-font-size\">VI. Postanowienia ko\u0144cowe<\/p><ol class=\"wp-block-list\"><li>W sprawach nieuregulowanych niniejszym regulaminem zastosowanie maj\u0105 przepisy prawa polskiego, w szczeg\u00f3lno\u015bci Kodeksu Cywilnego, ustawy o prawach konsumenta oraz inne w\u0142a\u015bciwe przepisy.<\/li>\n\n<li>Sklep zastrzega sobie prawo do zmiany niniejszego regulaminu. Zmiany obowi\u0105zuj\u0105 od momentu ich publikacji na stronie internetowej Sklepu.<\/li>\n\n<li>W przypadku zmiany regulaminu, zam\u00f3wienia z\u0142o\u017cone przed dat\u0105 wej\u015bcia w \u017cycie zmian, realizowane s\u0105 na podstawie dotychczasowego regulaminu.<\/li>\n\n<li>Wszelkie spory wynik\u0142e z realizacji niniejszego regulaminu pomi\u0119dzy Sklepem a Klientem, b\u0119d\u0105cym konsumentem w rozumieniu art. 22[1] Kodeksu Cywilnego, podlegaj\u0105 rozstrzygni\u0119ciu przez w\u0142a\u015bciwe s\u0105dy powszechne.<\/li>\n\n<li>Wszelkie spory wynik\u0142e z realizacji niniejszego regulaminu pomi\u0119dzy Sklepem a Klientem, nieb\u0119d\u0105cym konsumentem w rozumieniu art. 22[1] Kodeksu Cywilnego, podlegaj\u0105 rozstrzygni\u0119ciu przez s\u0105d w\u0142a\u015bciwy ze wzgl\u0119du na siedzib\u0119 Sklepu.<\/li>\n\n<li>Niniejszy regulamin obowi\u0105zuje od dnia jego publikacji na stronie internetowej Sklepu i zast\u0119puje wszystkie wcze\u015bniejsze wersje regulaminu.<\/li><\/ol>","protected":false},"excerpt":{"rendered":"<p>Regulamin Sklepu Internetowego I. Postanowienia Og\u00f3lne II. Rejestracja i Logowanie III. Zam\u00f3wienia i Realizacja IV. Odst\u0105pienie od Umowy i Reklamacje V. Ochrona Prywatno\u015bci VI. Postanowienia ko\u0144cowe<\/p>\n","protected":false},"author":1,"featured_media":0,"parent":0,"menu_order":0,"comment_status":"closed","ping_status":"closed","template":"template-fullwidth.php","meta":{"pmpro_default_level":"","footnotes":""},"class_list":["post-32","page","type-page","status-publish","hentry","pmpro-has-access"],"jetpack_sharing_enabled":true,"_links":{"self":[{"href":"https:\/\/sopranomarketing.pl\/sklep\/wp-json\/wp\/v2\/pages\/32","targetHints":{"allow":["GET"]}}],"collection":[{"href":"https:\/\/sopranomarketing.pl\/sklep\/wp-json\/wp\/v2\/pages"}],"about":[{"href":"https:\/\/sopranomarketing.pl\/sklep\/wp-json\/wp\/v2\/types\/page"}],"author":[{"embeddable":true,"href":"https:\/\/sopranomarketing.pl\/sklep\/wp-json\/wp\/v2\/users\/1"}],"replies":[{"embeddable":true,"href":"https:\/\/sopranomarketing.pl\/sklep\/wp-json\/wp\/v2\/comments?post=32"}],"version-history":[{"count":2,"href":"https:\/\/sopranomarketing.pl\/sklep\/wp-json\/wp\/v2\/pages\/32\/revisions"}],"predecessor-version":[{"id":63,"href":"https:\/\/sopranomarketing.pl\/sklep\/wp-json\/wp\/v2\/pages\/32\/revisions\/63"}],"wp:attachment":[{"href":"https:\/\/sopranomarketing.pl\/sklep\/wp-json\/wp\/v2\/media?parent=32"}],"curies":[{"name":"wp","href":"https:\/\/api.w.org\/{rel}","templated":true}]}}